 by z(6).
8
Suppose -2*j - 4*j + 624 = 0. Suppose l = j + 13. Suppose 4*c + 8 = -4, -3*c = 2*s - l. What is the remainder when s is divided by 16?
15
Calculate the remainder when (-48)/400*-3255 - (-2)/5 is divided by 33.
28
Suppose 5*a + 7*w = 8*w + 55, 2*w + 70 = 6*a. Calculate the remainder when 627 is divided by a.
7
Let x = -366 + 360. Let q(w) = 7 - 8*w + 6 + 2. Calculate the remainder when q(x) is divided by 13.
11
Suppose 0 = -2*m - p + 29, 4*m + 3*p + 32 = 95. What is the remainder when 1582 is divided by m?
10
Suppose 3*o + v = 219, 24*o - 4*v = 19*o + 348. Suppose o = -19*n + 25*n. Calculate the remainder when 82 is divided by n.
10
Let r = 116 + -28. Calculate the remainder when r is divided by -2*(-1)/((-5)/2 - (-2086)/812).
1
Let v = 7291 - 6861. Calculate the remainder when v is divided by 28.
10
Suppose -17*u + 8443 - 225 = 1146. Calculate the remainder when u is divided by 105.
101
Let d(a) = -2*a**2 + 24*a - 9. Let v be (-29)/(-4) - (4/2)/8. Calculate the remainder when 607 is divided by d(v).
58
Let j = 63 + -36. Let b = 23 - 21. Suppose v + 3*c = 2, -5*v - 4*c + 62 = -b*c. Calculate the remainder when j is divided by v.
13
Let q = 7 - 2. Calculate the remainder when (-14)/8*(45 - 49) is divided by q.
2
Let c(w) = w**3 - 7*w**2 - 10*w + 14. Let g be -5*(-24)/20 + 2. Let q be c(g). Calculate the remainder when ((-6)/(-8))/((-6)/92)*q is divided by 5.
3
Let s(l) = 153*l - 50. Suppose -35*b = -30*b - 185. What is the remainder when s(1) is divided by b?
29
Let m(i) be the first derivative of 11*i + 1/3*i**3 - 3/2*i**2 + 2. What is the remainder when 58 is divided by m(4)?
13
Let l(q) = 13*q + 0 + 14 + q**2 - 10*q - 7*q. Calculate the remainder when l(-6) is divided by 40.
34
Suppose -j - 20 = -h + 149, 3*j = h - 177. Calculate the remainder when h is divided by 59 + (-129)/(-43) + -2 + -2 + -2.
53
Suppose 4847 + 64792 = 501*s. Calculate the remainder when 1582 is divided by s.
53
Suppose 30*u - 2*u - 1932 = 0. What is the remainder when 335 is divided by u?
59
Let t(q) = 6 - 140*q - 8 - 1 + 0. What is the remainder when t(-1) is divided by 14?
11
Let d(j) = 52*j - 8. Let f(g) = -g**2 - 30*g + 284. What is the remainder when d(3) is divided by f(7)?
23
Let i(v) = v - 2. Let m be i(8). Suppose 9 = 5*n - m. Suppose -293 = -31*a + 79. What is the remainder when a is divided by n?
0
Suppose -694*x + 673*x + 2205 = 0. Calculate the remainder when 1250 is divided by x.
95
Suppose -w = 2*c - 290, 1450*w = 1447*w + 2*c + 846. Calculate the remainder when w is divided by 70.
4
Let v = 51 - 86. Let r = v - -76. What is the remainder when r is divided by 11?
8
Let y be (0/(-1)*1)/(-1). Let o = 315 - 311. Suppose -4*x - 8 = l - 0*l, -o*x - 16 = y. Calculate the remainder when 13 is divided by l.
5
Suppose 0 = 4*q - 1599 - 2141. Calculate the remainder when q is divided by (-24 + 29)*(156/(-5))/(-2).
77
Suppose 2*w - 4*n - 3752 = 0, 2*n + 42 - 1902 = -w. What is the remainder when w is divided by 85?
83
Let w(g) = 20*g**2 + g + 2. Let r be w(2). Let x = 215 - 247. Let v = r + x. What is the remainder when v is divided by 11?
8
Let z be (-2)/(-4) + 0 - (-24531)/74. Suppose -2*w + 356 = 2*v, w + w - z = 4*v. What is the remainder when w is divided by 44?
42
Let w(s) = 377*s - 1443. What is the remainder when 6757 is divided by w(4)?
62
Let h(l) = l + 3. Suppose -5*b + 5 = -3*z, 0 = 5*z - 2*b + 1 + 1. Suppose z = 33*d - 2*d - 1240. Calculate the remainder when d is divided by h(4).
5
Let l(w) = -w**3 - 3*w**2 - w + 1. Let n be l(-3). Let q be -3 - n/((-8)/6). Suppose c + q*c = 11. What is the remainder when 108 is divided by c?
9
Let f = -31 - -64. Let d(h) = 31*h + 372. Let v be d(-12). Suppose 43*r - 128 - 388 = v. Calculate the remainder when f is divided by r.
9
Let g be (-38)/57*(-15)/2. Suppose 5*q - 1219 = -4*c, -c = g*q - 3*c - 1213. Let s = q + -54. Calculate the remainder when s is divided by 48.
45
Let x(y) = -y**2 - 10*y + 5*y + 130 + 2*y + 8*y. Calculate the remainder when x(12) is divided by 8.
6
Let h(j) = -74*j + 205. Let g be h(-12). Let m = -599 + g. What is the remainder when m is divided by 15?
14
Let i(m) = 31*m**2 - 232*m + 944. Calculate the remainder when i(4) is divided by 506.
6
Let h(o) = 9*o - 1. Let q be -116 - (1 - 9*(-3)/(-9)). Let a = q + 162. What is the remainder when a is divided by h(2)?
14
Let r(s) = s**2. Let k(o) = -5*o**2 - 12*o + 53. Let b(f) = k(f) + 6*r(f). What is the remainder when 41 is divided by b(8)?
20
Let s = -4113 + 4187. Calculate the remainder when 219 is divided by s.
71
Suppose 6*p - 280 = -p. Let t = p + -17. Suppose 2*l + 188 = 3*g, 5*g - 4*g + l - 66 = 0. What is the remainder when g is divided by t?
18
What is the remainder when (4 - -1)/(1/14) is divided by 47?
23
Suppose w = -4*w + y + 343, -2*w + 4*y + 148 = 0. Calculate the remainder when w is divided by (2191/(-252))/(33/(-132)) - (-4)/18.
33
Suppose -5*a = -m + 175, 5*m - 405 - 492 = 3*a. What is the remainder when (15/(-45))/((-2)/m) is divided by 9?
3
Suppose -61*a = 2*i - 57*a, 0 = 5*i + 2*a - 32. Calculate the remainder when 5622 is divided by i.
6
Let t(p) = 11*p**2 - 2. Let g(u) = u**3 + 13*u**2 - 14*u + 8. Let h be g(-14). Suppose h*q + 3 - 11 = 0. Calculate the remainder when 43 is divided by t(q).
7
Suppose 2*r + 71*v - 68*v - 144 = 0, -3*r + 284 = -4*v. What is the remainder when 918 is divided by r?
78
Suppose -84 = -3*d - 5*q, -5*q - 6 = 9. What is the remainder when 888 is divided by d?
30
Suppose -q - 3*r + 1322 = 19*r, -4*r = -2*q + 2308. What is the remainder when q is divided by 198?
178
Suppose -2*n - 31*m = -36*m - 23, -2 = -2*m. Suppose -4*o + 41 = -3*o. Calculate the remainder when o is divided by n.
13
Suppose -5*x - 49 = -2*z, 2*z + 35*x - 130 = 31*x. What is the remainder when 419 is divided by z?
43
Let n = 181894 - 181883. What is the remainder when (-3)/(-2)*524/3 is divided by n?
9
Suppose -3483 + 774 = -3*r. Suppose -5*i + 6*i - r = 0. Suppose -13*f + 150 = -i. Calculate the remainder when f is divided by 18.
9
Let l = 4 + -24. Let k = l + 24. Suppose -48 = -k*j + 44. What is the remainder when 41 is divided by j?
18
Suppose -4*j = 2*m - 24424, m = 6*m + 3*j - 61032. What is the remainder when 238 is divided by 4/38 + m/1026?
10
Let a = 1891 - 1781. What is the remainder when 403 is divided by a?
73
Let q(n) = -2*n**2 + 55*n - 323. Calculate the remainder when q(15) is divided by (-8)/10*150/(-4).
22
Suppose -2*j = 0, 4*v - 14*j + 9*j - 16 = 0. Suppose -5*r + 4*o - 65 = -307, -2*o + v = 0. What is the remainder when 197 is divided by r?
47
What is the remainder when -417*(-17)/(-9)*(-14 - -2) is divided by 155?
152
Let b be ((2 - 3) + 2)*(-23)/(-1). Suppose 0 = b*r - 16*r - 210. Calculate the remainder when 85 is divided by r.
25
Let j = 310 + -197. Suppose 4492 + 1034 + 2538 = 336*o. Calculate the remainder when j is divided by o.
17
Calculate the remainder when ((-5018)/(-6) - -1) + 7100/4260 is divided by 22.
3
What is the remainder when (1/((-2)/(-769)))/((-262)/(-524)) is divided by 39?
28
Suppose 4*v = 5*f + 66, 2*f + 11 - 63 = -4*v. Suppose -119 = -3*m - 4*m. What is the remainder when 2/m + 2780/68 is divided by v?
13
Let i be (-44 - -5)/(1/(-5)). Let u = i - 185. Calculate the remainder when 54 is divided by u.
4
Suppose 0 = -4*z - 3*r + 2*r + 1811, -z - 3*r = -461. Let y = z - 436. Calculate the remainder when 255 is divided by y.
15
Suppose 2*o - 1189 = -l, -166 - 1029 = -2*o + l. What is the remainder when o is divided by 7?
1
Suppose 28 = v - 32. Suppose 24 + 129 = 3*g - 5*n, -5*g = -5*n - 255. What is the remainder when v is divided by g?
9
Let a(d) = 2*d**2 + 45*d - 169. What is the remainder when a(-26) is divided by 5?
3
Suppose -43*n = -40*n + 3*r + 3, -2*n + 3*r + 23 = 0. Suppose -n*y + 690 = 2*b, 3*b = -2*y - 0*y + 1047. Calculate the remainder when b is divided by 44.
43
Let j = 323 - 252. Let z = -147 - -155. What is the remainder when j is divided by z?
7
Let k be ((2 - 2)*1)/(1*-2). Suppose k = 5*l - 3*l - 8. Suppose l*z - 5*z + 11 = 0. What is the remainder when 43 is divided by z?
10
Let k be -4*36/(-15) + 4/10. Let n = -7 + k. Suppose l = -0*l + 2*v + 26, -3*l + 78 = -n*v. What is the remainder when 102 is divided by l?
24
Let a be -12 - (-3)/6*14. What is the remainder